11
List the prime factors of 4 - (-6896 - 7*8/56).
67, 103
Let o(a) = 2*a**3 - 4*a**2 + 3*a - 3. Let c be o(2). Suppose 0 = -c*f + 12, -4*y - 8*f - 248 = -4*f. Let i = -1 - y. List the prime factors of i.
5, 13
Let d(z) = -7*z**3 - 5*z**2 - 2*z + 15. Suppose -13*m - 62 = -10. List the prime factors of d(m).
17, 23
Let c be (12375/20)/15 - (-3)/4. Suppose 0 = -41*d + c*d - 5. Suppose -3*m - 2*m = -4*o - 372, 5*o + 370 = d*m. What are the prime factors of m?
2, 19
Suppose 0 = 11*h - 15*h + 8. Suppose -h*o + 3*o - 591 = 0. Suppose -858 = -9*m + o. List the prime factors of m.
7, 23
What are the prime factors of (-4)/(-9)*27 - -19967?
19979
Let l(u) = -u**2 - 16*u + 4. Let f be l(-16). Let b be (-6)/9 - (4372/3)/f. Let m = -214 - b. List the prime factors of m.
151
What are the prime factors of 369198/25 + (-1 - 432/(-400))?
2, 13, 71
Let a = -150 - -359. Let u = -44 + a. What are the prime factors of u?
3, 5, 11
Let z(o) = 8582*o - 156. What are the prime factors of z(1)?
2, 11, 383
Let k = -247 + 15636. Suppose -23511 = -25*g + k. List the prime factors of g.
2, 389
Let n(p) = 7*p - 126. Let m(s) = -2*s + 1. Let a(l) = m(l) + n(l). What are the prime factors of a(27)?
2, 5
Suppose 0 = -141*o - 17048 + 39228 + 54524. List the prime factors of o.
2, 17
Let g(h) = 11*h**2 - 5*h - 12. Let a be g(-3). Suppose -5*x - 245 = -5*i, -a = -2*i - 13*x + 11*x. List the prime factors of i.
2, 5
Let f(p) = 2*p + 7. Let k be 4 + -3 - 18/((-2)/1). Let s(l) = -3*l + 34. Let b be s(k). What are the prime factors of f(b)?
3, 5
Suppose -271 = -5*g + 709. Let x(s) = -28*s + 4. Let a be x(5). Let t = g + a. List the prime factors of t.
2, 3, 5
Let i(g) = -198*g - 83. Suppose -5*q - 50 = -3*k, 5*k = -3*q - 2 - 28. List the prime factors of i(q).
7, 271
What are the prime factors of (-1 - -6) + -66 + 3808?
3, 1249
Suppose 13 + 1 = 7*u. Suppose -3*s = -5*l - 483, -4*s + u*s - 94 = l. Let i = -37 - l. What are the prime factors of i?
59
What are the prime factors of 5 + (-59724)/(-9) - -4?
3, 5, 443
Let u(d) = 1083*d - 707. List the prime factors of u(9).
2, 5, 113
What are the prime factors of (-25845)/(-9)*5/(55/33)?
5, 1723
Let q(k) = -k**3 + 7*k**2 - 8*k - 11. Let d be q(8). Suppose -1170 = 16*n - n. Let i = n - d. What are the prime factors of i?
61
Let k = 189 + -102. Suppose k = 2*t - 5*j - 25, -3*j - 54 = -t. What are the prime factors of t?
2, 3, 11
Let o be 90/(-35)*56/(-6). Suppose -3*x + o = -t, -4*x + 16 = 4*t - 0. Suppose -x*y + 10*y = 144. List the prime factors of y.
2, 3
Let r(m) = -m**3 + 37*m**2 + 61*m - 481. List the prime factors of r(30).
7649
Let n(o) = 319*o + 6. Let v be n(6). Let y = -5636 + 5616. What are the prime factors of 0 + -4 - v/y?
2, 23
Suppose 5*y - 11043 = -5*c + 45122, -3*y + 33693 = 4*c. What are the prime factors of y?
11239
Suppose -3*o - 2*s = -1124, 277*o + 743 = 279*o - 5*s. Let l = 22 + -2. Suppose 3*c = l*c - o. List the prime factors of c.
2, 11
Let d be (-6902)/(-8) + (-3)/4 - 6. Let v = -345 + d. List the prime factors of v.
7, 73
Let v(s) be the first derivative of s**5/20 - s**4/6 + 29*s**2 + 8*s + 1. Let g(y) be the first derivative of v(y). What are the prime factors of g(0)?
2, 29
Suppose 4*i - 5*q - 7060 = 1757, 3*q - 9 = 0. Suppose 8*o - i = 5432. What are the prime factors of o?
5, 191
Suppose -15 = -3*c - 3*v, c - 7 + 8 = 2*v. Let r(t) = 22*t - 5. Let k be r(2). List the prime factors of 3/c*k/3.
13
Let f = 84 - -159. Suppose -241*g - 240 = -f*g. List the prime factors of g.
2, 3, 5
Suppose -100*w = -90*w - 73630. What are the prime factors of w?
37, 199
Suppose 0 = n - 10175 - 3035. Suppose 11*d = 2916 + n. What are the prime factors of d?
2, 733
Let v = 287 - 282. Suppose 4*r + v*l = 952, 3*r + 7*l - 5*l = 721. What are the prime factors of r?
3
Suppose -3*a + 6 = f, -2*f + 7*f + a = 16. Suppose 3*p + 2139 = 5*t, 0 = 4*t - f*t - 4*p - 421. List the prime factors of t.
3, 11, 13
Let r(y) = -y**3 - 14*y**2 + 3*y + 35. Let d be r(-14). List the prime factors of ((-70)/(d/(-1)))/((-2)/225).
3, 5
Let v = 42 + -36. Let i = 38 + -44. List the prime factors of -3 - (3 + v*9/i).
3
Let z(u) = 9*u**2 + 5 + 4*u - u**2 + 9*u + 0*u**2. Let i be z(-6). Suppose 3*g + i = -11*o + 13*o, -5*o = -3*g - 524. List the prime factors of o.
103
Suppose -5*x = -3*c - 11, 2*x - c = 3*c - 4. Let l be (x/(-3))/((-352)/(-60) + -6). What are the prime factors of 2 + (2 - 3) - l*-5?
3, 17
Suppose -107 - 63 = -17*s. Suppose 0 = -s*x + 13*x - 1074. List the prime factors of x.
2, 179
Suppose -3*i + 2*x + 30119 = 0, x + 2*x - 40187 = -4*i. What are the prime factors of i?
11, 83
What are the prime factors of 10/(-6) - 49482/(-27)?
1831
List the prime factors of -8*(-90)/(-72) + 7275.
5, 1453
Let k = 17825 - 7176. What are the prime factors of k?
23, 463
Suppose 13 = 18*d - 59. Suppose d = 2*q, -10*v + 12*v = -3*q + 1352. What are the prime factors of v?
673
What are the prime factors of 261/(-81) + 3 + (-382510)/(-45)?
2, 5, 17
Let h(v) = 9*v**2 + 218*v + 70. List the prime factors of h(-45).
5, 1697
Suppose 18*w - 25*w = -42. List the prime factors of w/(-4)*(-10 + (-9922)/33).
2, 233
Let c(n) = -463*n - 633. What are the prime factors of c(-7)?
2, 163
Let d(b) = 2*b**2 + 5*b. Let n(u) = -u**2 - 6*u - 6. Let p be n(-4). Suppose -22 + p = -4*r. What are the prime factors of d(r)?
3, 5
Suppose -439 - 5909 = 23*i. Let f = i + 558. What are the prime factors of f?
2, 3, 47
Let p = 88 + -46. Let m = -80 + 109. Let x = p - m. What are the prime factors of x?
13
Let i(c) = -40*c - 45. Let n be i(-8). Suppose z + 0*z - n = 0. What are the prime factors of z?
5, 11
Let u be (4/12 - 1)/((-2)/39). Suppose -u*x + 37 = -2. Suppose -50 = -x*j + 46. What are the prime factors of j?
2
Let w(g) = 2*g**2 + 13*g + 10. Suppose 2*u + 7 = -3*q, -2*q - 4*u = 2*q + 4. Let o be w(q). What are the prime factors of (39 - 3) + (o - -3)?
2, 17
Suppose -41252 - 9480 = -11*t. What are the prime factors of t?
2, 1153
Let g(v) = -v**2 - 13*v + 69. Let c be g(-17). Let m be (-3)/1 + c + (-8)/4. What are the prime factors of (-1)/(-2) + (-670)/m?
2, 3, 7
Suppose y + 4*y = 30. Suppose -2*p = y*p - 2*p. Suppose p = 9*r - 6*r - 4*d - 317, 431 = 4*r + 3*d. What are the prime factors of r?
107
Let o = -3524 - -14001. What are the prime factors of o?
10477
List the prime factors of (18 + 10)*-92*2172/(-192).
7, 23, 181
Suppose 9*a + 8382 = 139*k - 138*k, 4*k = a + 33458. What are the prime factors of k?
2, 3, 17, 41
Let i be -3 + 11/((-33)/1266). Let k = i + 1008. What are the prime factors of k?
11, 53
Let w(x) = 185*x - 7971. List the prime factors of w(57).
2, 3, 11, 13
Suppose 58*j + 194488 = 104*j. List the prime factors of j.
2, 7, 151
Let s(c) = -c**3 + 12*c**2 + c - 3. Let p be s(9). Let j(w) = 4*w**2 - 4*w - 21. Let q be j(4). What are the prime factors of -2 + 48/27 + p/q?
3
Suppose 4*w = 4*g + 224, -5*w + 2*g + 280 = -0*w. Let x be (-7)/(w/(-60))*(-10)/(-15). Suppose x*q - 79 = 356. What are the prime factors of q?
3, 29
Let t = 114 + -140. Let g = t + 2. Let l(i) = -3*i + 35. What are the prime factors of l(g)?
107
Suppose 189*c - 704409 = 18*c + 1167186. List the prime factors of c.
5, 11, 199
Let o = 4890 + 3608. List the prime factors of o.
2, 7, 607
Suppose -4*x + 22 = 2*f, 5*f = -5*x + 88 - 53. Let y(w) = -w**2 - 7. Let d be y(0). What are the prime factors of 3 - (137/f)/(d/21)?
2, 5, 7
Suppose -26 = -3*l - 2*s, 0 = l + s - 0*s - 9. List the prime factors of (l/4)/(28/10626).
3, 11, 23
Let x be (2 - (-14)/(-4))/(5/(-230)). Suppose -6*r + x = -3*r. Suppose r*f = 16*f + 630. What are the prime factors of f?
2, 3, 5
Let l be 1247*(-7 - (-1 - 5)). Let i = l + 1769. List the prime factors of i.
2, 3, 29
Let g(x) = 174*x**2 + 226*x + 1614. What are the prime factors of g(-7)?
2, 11, 389
Let c(t) = 288 + t**2 - 2*t + 369 - 786. List the prime factors of c(-22).
3, 7, 19
Let l = -16 + 18. Suppose -1 = t, g + 0*g + 46 = -l*t. Let n = g - -100. What are the prime factors of n?
2, 7
Suppose 0 = -37*x + 35*x + 14. Suppose -x*t = 36 - 71. Suppose -3*b + 266 = 4*c, b + t*c - 70 = 26. List the prime factors of b.
2, 43
What are the prime factors of 15 + -32 + (11859 - 26)?
2, 7, 211
Let z be -6*14/3*(-2 + 1). Suppose 23*g + 1635 = z*g. What are the prime factors of g?
3, 109
Le